at is -4 + 11501440?
11501432
In base 13, what is -240a4 + -3?
-240a7
In base 5, what is -2012130 + -10?
-2012140
In base 2, what is 100 - -1010110100011011?
1010110100011111
In base 8, what is -1174205 - -4?
-1174201
In base 2, what is 111111 + -110000110110?
-101111110111
In base 11, what is -1 - 97a1a?
-97a20
In base 8, what is 16173 - -13?
16206
In base 8, what is 0 - -2625?
2625
In base 3, what is 10012100210 + 2?
10012100212
In base 7, what is -124 - -421?
264
In base 8, what is 35 + 446?
503
In base 5, what is -10022403 - -11?
-10022342
In base 15, what is 4 + -94c7?
-94c3
In base 16, what is 2fe - -1b?
319
In base 14, what is -a - -2a1b4?
2a1a8
In base 16, what is 14c3 + 1?
14c4
In base 3, what is -2102220000 - 0?
-2102220000
In base 2, what is -11000010110001110 - 1?
-11000010110001111
In base 8, what is -2 - -15406?
15404
In base 11, what is -3 - -73709?
73706
In base 11, what is 5 + -20917?
-20912
In base 16, what is 18 + -191?
-179
In base 13, what is 67 + 119?
183
In base 7, what is -3202 - 66?
-3301
In base 6, what is 35033 - -14?
35051
In base 16, what is -1 - -570e8?
570e7
In base 14, what is 24 - -c70?
c94
In base 6, what is 4 - -152432?
152440
In base 6, what is 312240 - 215?
312021
In base 8, what is 132 + 5?
137
In base 14, what is 1 - -517dd?
51800
In base 3, what is 12 + 2210122200?
2210122212
In base 16, what is -78 + -92?
-10a
In base 2, what is 1111101101 + 101110?
10000011011
In base 7, what is 4 + 1004226?
1004233
In base 6, what is -41402 - -433?
-40525
In base 8, what is 1740 + -3037?
-1077
In base 11, what is 191264 - -3?
191267
In base 14, what is 1497 - -15?
14ac
In base 10, what is -4 + -980?
-984
In base 9, what is -2 - 33862?
-33864
In base 9, what is 338541 + 1?
338542
In base 12, what is -633 + -136?
-769
In base 3, what is -112121 - 11220010?
-12102201
In base 14, what is -1341a - -1?
-13419
In base 15, what is -5a1c - 5?
-5a22
In base 2, what is 10 - 111100111011?
-111100111001
In base 9, what is 2867 + 344?
3322
In base 8, what is -46 + 367?
321
In base 15, what is -429e - -6?
-4298
In base 2, what is 10110111 + -101011010110?
-101000011111
In base 16, what is -b58 - 79?
-bd1
In base 16, what is 0 - 369e?
-369e
In base 16, what is -7 - 5e?
-65
In base 10, what is -39 - 1191?
-1230
In base 16, what is -8157 - 4?
-815b
In base 11, what is -a6 - -493?
398
In base 11, what is 3 + 3423?
3426
In base 10, what is 4 - -49741?
49745
In base 7, what is -4 - -1233651?
1233644
In base 10, what is -6749390 - 4?
-6749394
In base 10, what is 243 - 651?
-408
In base 14, what is 6ba + 8c?
768
In base 5, what is 10 + -24204332?
-24204322
In base 3, what is -10012221 - 1112?
-10021110
In base 12, what is 267 + -67?
200
In base 5, what is -1210 - -3221?
2011
In base 5, what is -12304 - -102224?
34420
In base 11, what is 683 + -29?
655
In base 7, what is 3345 - -6?
3354
In base 3, what is 22101 + 11022011?
11121112
In base 2, what is 101 - 10001110100111?
-10001110100010
In base 10, what is -7205 - -4?
-7201
In base 15, what is 31 - 2021?
-1ee0
In base 8, what is 10472 + 1?
10473
In base 11, what is 2 + 7a649?
7a650
In base 3, what is 1100102121 - -10?
1100102201
In base 9, what is -14 - -184?
170
In base 5, what is -3 - -212240?
212232
In base 14, what is 48c0 + 45?
4925
In base 2, what is 1000110101100011 - 0?
1000110101100011
In base 7, what is -2 - 3221?
-3223
In base 10, what is 0 - -4536?
4536
In base 3, what is 10 + -200001121?
-200001111
In base 4, what is -10 + 10000022?
10000012
In base 10, what is -90 - -196?
106
In base 16, what is -231b + 1?
-231a
In base 8, what is -17 - -41725?
41706
In base 8, what is 445215 + 2?
445217
In base 3, what is 1111 + 11021211121?
11021220002
In base 6, what is 33034 - -40?
33114
In base 7, what is -36 + -605?
-644
In base 15, what is 11e06 - 9?
11dec
In base 3, what is 1 + -1220202220?
-1220202212
In base 13, what is 4a17 - -1?
4a18
In base 8, what is -777 + -106?
-1105
In base 5, what is 421 + 4042?
10013
In base 4, what is -30 + -131232?
-131322
In base 8, what is -121712 - -45?
-121645
In base 7, what is -5 - 5563460?
-5563465
In base 8, what is 2251213 + 1?
2251214
In base 12, what is -1a42 + 19?
-1a25
In base 9, what is -10 - 3002?
-3012
In base 12, what is -14 - -432?
41a
In base 10, what is -5 + 1077159?
1077154
In base 14, what is -29b + -266?
-523
In base 2, what is 1110000101101 - 100011110?
1101100001111
In base 3, what is -10 + -102110111?
-102110121
In base 12, what is 265 + 659?
902
In base 9, what is -4181512 + 1?
-4181511
In base 13, what is 131 + 228?
359
In base 4, what is -30113 + -110?
-30223
In base 16, what is 20f - 51?
1be
In base 3, what is 111 + -1111011222?
-1111011111
In base 6, what is -4 + 132402?
132354
In base 4, what is 10123102 - 2?
10123100
In base 11, what is -13a + 783?
644
In base 8, what is 14 + -201?
-165
In base 12, what is 1 - 25133?
-25132
In base 11, what is -44 + -184?
-218
In base 4, what is -1 - -2002212?
2002211
In base 3, what is -10 + -11120022120?
-11120022200
In base 12, what is -4 + 1b591?
1b589
In base 12, what is -1aa44 + 3?
-1aa41
In base 8, what is 14246 + 15?
14263
In base 8, what is -11251 + 4?
-11245
In base 7, what is 52416045 - -5?
52416053
In base 9, what is 3 - 831081?
-831077
In base 12, what is 159 - 5b1?
-454
In base 4, what is 322 + 13333?
20321
In base 15, what is -3 - -97d05?
97d02
In base 4, what is -2133 - 110?
-2303
In base 7, what is 2 - -656303?
656305
In base 4, what is -213132003 + -1?
-213132010
In base 16, what is -28 - 5c?
-84
In base 11, what is -310 - -6?
-305
In base 10, what is -90 + 12149?
12059
In base 11, what is 2136 + 10?
2146
In base 14, what is 43b9 - -5?
43c0
In base 15, what is 7 - -ead?
eb5
In base 11, what is 159 + 96?
244
In base 14, what is -53 + 3bc?
369
In base 8, what is 25 - -10346?
10373
In base 10, what is -2942 - 415?
-3357
In base 6, what is 2550010 - 34?
2545532
In base 8, what is 77424110 + -1?
77424107
In base 2, what is -101111110001110 + 10?
-101111110001100
In base 14, what is 8 + -1007?
-ddd
In base 4, what is 11 - 3011000?
-3010323
In base 13, what is 51 - -402?
453
In base 7, what is -10133 + -1?
-10134
In base 9, what is 0 - -2080?
2080
In base 12, what is 7 + 17291?
17298
In base 9, what is -1 + -223702?
-223703
In base 5, what is 3311022 + -3?
3311014
In base 6, what is 4550 - 214?
4332
In base 2, what is -10111100011 + 1100110?
-10101111101
In base 6, what is 10101333 + -4?
10101325
In base 9, what is 22 - -2485?
2517
In base 14, what is -7b7 - -1?
-7b6
In base 15, what is a - ee8?
-edd
In base 16, what is -1c - 16?
-32
In base 15, what is -10213c + 5?
-102137
In base 16, what is 1876 + b?
1881
In base 16, what is 591 + -648?
-b7
In base 4, what is -10011102 - 3122?
-10020230
In base 4, what is 1320 - 10111?
-2131
In base 10, what is 4 + 89452?
89456
In base 4, what is -2 + -203201211?
-203201213
In base 8, what is -3 + -5042476?
-5042501
In base 14, what is 0 - 41b7?
-41b7
In base 11, what is -9848 + -28?
-9875
In base 2, what is 11110 + 10101011111110?
10101100011100
In base 5, what is -304000 + 4?
-303441
In base 3, what is 22 + -11211101?
-11211002
In base 5, what is -1121 + 14111?
12440
In base 15, what is ae51 + -3?
ae4d
In base 8, what is 771545 - -13?
771560
In base 2, what is 10011001100 + 1001110?
10100011010
In base 15, what is 4c95d + 1?
4c95e
In base 10, what is -1 + -97202?
-97203
In base 5, what is 424401 + 3?
424404
In base 2, what is 1 - -100001001000010?
100001001000011
In base 5, what is -1 - -20122402?
20122401
In base 16, what is 5f2 - 8?
5ea
In base 15, what is 34e18 + a?
34e23
In base 6, what is 35 - -1251?
1330
In base 12, what is 151 - 224?
-93
In base 12, what is 2031 + 23?
2054
In base 5, what is 13021 - -34?
13110
In base 9, what is 381355 + 2?
381357
In base 15, what is 2 - 1907d?
-1907b
In base 13, what is 16 + -288?
-272
In base 14, what is -1c + 12401?
123c3
In base 15, what is -7 + -620?
-627
In base 7, what is 3 - -162632?
162635
In base 15, what is -57313 + 3?
-57310
In base 12, what is -a7 + -265?
-350
In base 16, what is 517 + ce?
5e5
In base 14, what is 20278 + -4?
20274
In base 8, what is 177 - -565?
764
In base 5, what is -24121410 + 2?
-24121403
In base 13, what is 213 - -6a7?
8ba
In base 14, what is -2298 - 25?
-22bd
In